{"id":40726,"date":"2024-01-26T16:56:09","date_gmt":"2024-01-26T13:56:09","guid":{"rendered":"https:\/\/montenegro-real-estate.com\/?post_type=property&#038;p=40726"},"modified":"2026-03-25T16:58:33","modified_gmt":"2026-03-25T13:58:33","slug":"barin-kalbinde-modern-sehir-yasami","status":"publish","type":"property","link":"https:\/\/montenegro-real-estate.com\/tr\/property\/modern-city-living-in-the-heart-of-bar\/","title":{"rendered":"Bar'\u0131n Kalbinde Modern \u015eehir Ya\u015fam\u0131"},"content":{"rendered":"<p>Karada\u011f'\u0131n Bar \u015eehrinin Kalbinde Modern \u015eehir Ya\u015fam\u0131!<\/p>\n\n\n\n<p>Karada\u011f'\u0131n b\u00fcy\u00fcleyici sahil kasabas\u0131 Bar'da ya\u015fam tarz\u0131n\u0131z\u0131 y\u00fckseltmeye haz\u0131r m\u0131s\u0131n\u0131z? Rahatl\u0131k, konfor ve \u00e7a\u011fda\u015f stili m\u00fckemmel \u015fekilde harmanlayan bu davetkar 2 yatak odal\u0131 daire tam size g\u00f6re. Hareketli \u015fehir merkezinde, bak\u0131ml\u0131 7 katl\u0131 bir binan\u0131n \u00fc\u00e7\u00fcnc\u00fc kat\u0131nda yer alan bu 54 m\u00b2'lik m\u00fccevheri ke\u015ffedin.<\/p>\n\n\n\n<p><strong>Temel \u00d6zellikler:<\/strong><\/p>\n\n\n\n<ol class=\"wp-block-list\">\n<li><strong>Prime Konum:<\/strong> Bar'\u0131n \u015fehir merkezinin canl\u0131 enerjisine kap\u0131l\u0131n. D\u00fckkanlar, restoranlar ve k\u00fclt\u00fcrel mekanlar sadece birka\u00e7 ad\u0131m \u00f6tenizdeyken, Karada\u011f'\u0131n kalp at\u0131\u015flar\u0131n\u0131 kendi kap\u0131n\u0131zda hissedin.<\/li>\n\n\n\n<li><strong>\u015e\u0131k \u0130\u00e7 Mekanlar:<\/strong> Yak\u0131n zamanda yenilenmi\u015f olan dairede modern zarafetin d\u00fcnyas\u0131na ad\u0131m at\u0131n. \u0130\u015flevselli\u011fi estetik \u00e7ekicilikle birle\u015ftiren \u00f6zenli tasar\u0131m\u0131n yaratt\u0131\u011f\u0131 taze atmosferin keyfini \u00e7\u0131kar\u0131n.<\/li>\n\n\n\n<li><strong>T\u00fcm Y\u0131l Boyunca Konfor:<\/strong> Kurulu klima sistemi sayesinde yaz\u0131n serin, k\u0131\u015f\u0131n s\u0131cak kal\u0131n. Her mevsimde m\u00fckemmel atmosferi yaratma esnekli\u011finin tad\u0131n\u0131 \u00e7\u0131kararak evinizi bir konfor s\u0131\u011f\u0131na\u011f\u0131na d\u00f6n\u00fc\u015ft\u00fcr\u00fcn.<\/li>\n\n\n\n<li><strong>Asans\u00f6r Eri\u015fimi:<\/strong> Konfor anahtard\u0131r ve bu m\u00fclk, asans\u00f6r avantaj\u0131yla bunu sunar. \u0130ster g\u00fcn i\u00e7in d\u0131\u015far\u0131 \u00e7\u0131k\u0131n, ister eve d\u00f6n\u00fcn, binay\u0131 zahmetsizce kolayl\u0131kla gezin.<\/li>\n\n\n\n<li><strong>Bar'\u0131n Kalbinde Modern \u015eehir Ya\u015fam\u0131, \u00d6zel Otopark:<\/strong> Otopark arama derdini unutun. Bu m\u00fclk, arac\u0131n\u0131z\u0131n g\u00fcvende ve kolay eri\u015filebilir oldu\u011fu konusunda i\u00e7inizi rahatlatan \u00f6zel bir park alan\u0131 sunar.<\/li>\n\n\n\n<li><strong>Denize Yak\u0131nl\u0131k:<\/strong> Par\u0131ldayan Adriyatik Denizi'ne sadece 700 metre mesafede olan bu konumla, sahil ya\u015fam\u0131n\u0131n l\u00fcks\u00fcn\u00fc ya\u015fay\u0131n. \u0130ster keyifli bir y\u00fcr\u00fcy\u00fc\u015f, ister k\u0131sa bir araba yolculu\u011fu olsun, plaj her zaman ula\u015f\u0131labilir mesafede.<\/li>\n<\/ol>\n\n\n\n<p><strong>Plan:<\/strong><\/p>\n\n\n\n<ul class=\"wp-block-list\">\n<li><em>Geni\u015f Ya\u015fam Alan\u0131:<\/em> Ya\u015fam alan\u0131 mutfakla kusursuz \u015fekilde b\u00fct\u00fcnle\u015ferek, rahatlama ve e\u011flence i\u00e7in a\u00e7\u0131k ve davetkar bir alan yarat\u0131r.<\/li>\n\n\n\n<li><em>\u0130ki Rahat Yatak Odas\u0131:<\/em> Dinlenme ve yenilenme i\u00e7in \u00f6zel bir s\u0131\u011f\u0131nak sunan, iyi d\u00f6\u015fenmi\u015f iki yatak odas\u0131na \u00e7ekilin.<\/li>\n\n\n\n<li><em>Modern Banyo:<\/em> Daire, hem i\u015flevsellik hem de stil sunan \u00e7a\u011fda\u015f bir banyoya sahiptir.<\/li>\n\n\n\n<li><em>S\u0131cak Bir Giri\u015f:<\/em> \u00d6zenle tasarlanm\u0131\u015f bir koridor sizi kar\u015f\u0131lar ve i\u00e7eride bekleyen konforun habercisi olur.<\/li>\n\n\n\n<li><em>\u00d6zel Teras:<\/em> Ya\u015fam alan\u0131n\u0131z\u0131, Karada\u011f'\u0131n g\u00fczel havas\u0131n\u0131n keyfini \u00e7\u0131karmak i\u00e7in ideal olan 6 m\u00b2'lik \u015firin bir terasla d\u0131\u015far\u0131 ta\u015f\u0131y\u0131n.<\/li>\n<\/ul>\n\n\n\n<p>Bar'\u0131n canl\u0131 \u015fehrini eviniz yapma f\u0131rsat\u0131n\u0131 ka\u00e7\u0131rmay\u0131n. <a href=\"https:\/\/en.wikipedia.org\/wiki\/Bar,_Montenegro\" target=\"_blank\" rel=\"noopener\">Bar<\/a> . <a href=\"https:\/\/montenegro-real-estate.com\/tr\/iletisim\/\">Yat\u0131r\u0131m m\u00fclklerimiz ve Karada\u011f'da bir cennet par\u00e7as\u0131na nas\u0131l sahip olabilece\u011finiz hakk\u0131nda daha fazla bilgi almak i\u00e7in<\/a> Montenegro'da sofistike bir kent ya\u015fam\u0131na do\u011fru yolculu\u011funuza ba\u015flamak i\u00e7in bir g\u00f6r\u00fcnt\u00fcleme planlamak \u00fczere.<\/p>","protected":false},"excerpt":{"rendered":"<p>Modern City Living in the Heart of Bar, Montenegro! Are you ready to elevate your lifestyle in the charming coastal town of Bar, Montenegro? Look no further than this inviting 2-bedroom apartment for sale, offering a perfect blend of comfort, convenience, and contemporary style. Located in the bustling city center, this 54m2 gem is situated [&hellip;]<\/p>\n","protected":false},"author":1,"featured_media":40727,"parent":0,"menu_order":0,"template":"","property_type":[132],"property_status":[170],"property_feature":[191,202,194,145],"property_label":[],"property_country":[305],"property_state":[321],"property_city":[227],"class_list":["post-40726","property","type-property","status-publish","has-post-thumbnail","hentry","property_type-apartments","property_status-sold","property_feature-furniture","property_feature-air-conditioners","property_feature-mountain-view","property_feature-terrace","property_country-montenegro","property_state-bar-region","property_city-bar"],"property_meta":{"_edit_lock":["1774447119:1"],"_thumbnail_id":["40727"],"_edit_last":["1"],"fave_property_price":["125000"],"fave_property_size":["54"],"fave_property_size_prefix":["sqm"],"fave_property_bedrooms":["2"],"fave_property_bathrooms":["1"],"fave_property_id":["ALE20"],"fave_property_map":["1"],"fave_property_map_address":["Bar, Op\u0161tina Bar, Crna Gora \/ \u0426\u0440\u043d\u0430 \u0413\u043e\u0440\u0430"],"fave_property_location":["42.100292245343,19.097929022181,15"],"houzez_geolocation_lat":["42.100292245343"],"houzez_geolocation_long":["19.097929022181"],"fave_property_map_street_view":["hide"],"fave_featured":["0"],"houzez_featured_listing_date":[""],"fave_loggedintoview":["0"],"fave_agent_display_option":["author_info"],"fave_prop_homeslider":["no"],"fave_single_top_area":["global"],"fave_single_content_area":["global"],"additional_features":["a:1:{i:0;a:2:{s:29:\"fave_additional_feature_title\";s:19:\"Distance to the sea\";s:29:\"fave_additional_feature_value\";s:4:\"700m\";}}"],"houzez_manual_expire":["0"],"_houzez_expiration_date_status":["saved"],"_yoast_wpseo_primary_property_type":["132"],"_yoast_wpseo_primary_property_status":["148"],"_yoast_wpseo_primary_property_feature":["191"],"_yoast_wpseo_primary_property_label":[""],"_yoast_wpseo_primary_property_country":["305"],"_yoast_wpseo_primary_property_state":["321"],"_yoast_wpseo_primary_property_city":["227"],"_yoast_wpseo_linkdex":["79"],"_yoast_wpseo_content_score":["60"],"_yoast_wpseo_inclusive_language_score":["90"],"_yoast_wpseo_estimated-reading-time-minutes":["2"],"_yoast_wpseo_wordproof_timestamp":[""],"houzez_total_property_views":["1639"],"houzez_views_by_date":["a:61:{s:10:\"02-19-2026\";i:32;s:10:\"02-20-2026\";i:59;s:10:\"02-21-2026\";i:34;s:10:\"02-22-2026\";i:33;s:10:\"02-23-2026\";i:16;s:10:\"02-24-2026\";i:6;s:10:\"02-25-2026\";i:13;s:10:\"02-26-2026\";i:2;s:10:\"02-27-2026\";i:7;s:10:\"02-28-2026\";i:9;s:10:\"03-01-2026\";i:7;s:10:\"03-02-2026\";i:5;s:10:\"03-03-2026\";i:4;s:10:\"03-04-2026\";i:4;s:10:\"03-05-2026\";i:8;s:10:\"03-06-2026\";i:5;s:10:\"03-07-2026\";i:4;s:10:\"03-08-2026\";i:7;s:10:\"03-09-2026\";i:2;s:10:\"03-10-2026\";i:4;s:10:\"03-11-2026\";i:6;s:10:\"03-12-2026\";i:3;s:10:\"03-13-2026\";i:5;s:10:\"03-14-2026\";i:13;s:10:\"03-15-2026\";i:3;s:10:\"03-16-2026\";i:8;s:10:\"03-17-2026\";i:1;s:10:\"03-19-2026\";i:6;s:10:\"03-20-2026\";i:3;s:10:\"03-21-2026\";i:1;s:10:\"03-22-2026\";i:1;s:10:\"03-23-2026\";i:1;s:10:\"03-24-2026\";i:5;s:10:\"03-25-2026\";i:21;s:10:\"03-26-2026\";i:7;s:10:\"03-27-2026\";i:3;s:10:\"03-28-2026\";i:10;s:10:\"03-29-2026\";i:3;s:10:\"03-30-2026\";i:5;s:10:\"03-31-2026\";i:3;s:10:\"04-02-2026\";i:1;s:10:\"04-03-2026\";i:1;s:10:\"04-04-2026\";i:3;s:10:\"04-05-2026\";i:2;s:10:\"04-06-2026\";i:2;s:10:\"04-08-2026\";i:1;s:10:\"04-09-2026\";i:9;s:10:\"04-10-2026\";i:1;s:10:\"04-11-2026\";i:4;s:10:\"04-12-2026\";i:4;s:10:\"04-13-2026\";i:2;s:10:\"04-15-2026\";i:6;s:10:\"04-16-2026\";i:5;s:10:\"04-17-2026\";i:7;s:10:\"04-18-2026\";i:11;s:10:\"04-19-2026\";i:5;s:10:\"04-20-2026\";i:10;s:10:\"04-21-2026\";i:6;s:10:\"04-22-2026\";i:4;s:10:\"04-23-2026\";i:7;s:10:\"04-24-2026\";i:4;}"],"houzez_recently_viewed":["2026-04-25 02:37:45"],"_seopress_analysis_target_kw":["Modern City Living in the Heart of Bar"],"rank_math_primary_property_type":["132"],"rank_math_primary_property_status":["148"],"rank_math_primary_property_feature":["191"],"rank_math_primary_property_label":[""],"rank_math_primary_property_country":["305"],"rank_math_primary_property_state":["321"],"rank_math_primary_property_city":["227"],"rank_math_focus_keyword":["Modern City Living in the Heart of Bar"],"rank_math_news_sitemap_robots":["index"],"rank_math_robots":["a:1:{i:0;s:5:\"index\";}"],"rank_math_seo_score":["71"],"rank_math_internal_links_processed":["1"],"_cmplz_scanned_post":["1"],"_webhook_sent_v2":["1774447112"],"fave_show_price_placeholder":["0"],"fave_property_images":["40727","40728","40729","40730","40731","40732","40733","40734","40735","40736"],"_elementor_page_assets":["a:0:{}"]},"_links":{"self":[{"href":"https:\/\/montenegro-real-estate.com\/tr\/wp-json\/wp\/v2\/properties\/40726","targetHints":{"allow":["GET"]}}],"collection":[{"href":"https:\/\/montenegro-real-estate.com\/tr\/wp-json\/wp\/v2\/properties"}],"about":[{"href":"https:\/\/montenegro-real-estate.com\/tr\/wp-json\/wp\/v2\/types\/property"}],"author":[{"embeddable":true,"href":"https:\/\/montenegro-real-estate.com\/tr\/wp-json\/wp\/v2\/users\/1"}],"version-history":[{"count":0,"href":"https:\/\/montenegro-real-estate.com\/tr\/wp-json\/wp\/v2\/properties\/40726\/revisions"}],"wp:featuredmedia":[{"embeddable":true,"href":"https:\/\/montenegro-real-estate.com\/tr\/wp-json\/wp\/v2\/media\/40727"}],"wp:attachment":[{"href":"https:\/\/montenegro-real-estate.com\/tr\/wp-json\/wp\/v2\/media?parent=40726"}],"wp:term":[{"taxonomy":"property_type","embeddable":true,"href":"https:\/\/montenegro-real-estate.com\/tr\/wp-json\/wp\/v2\/property_type?post=40726"},{"taxonomy":"property_status","embeddable":true,"href":"https:\/\/montenegro-real-estate.com\/tr\/wp-json\/wp\/v2\/property_status?post=40726"},{"taxonomy":"property_feature","embeddable":true,"href":"https:\/\/montenegro-real-estate.com\/tr\/wp-json\/wp\/v2\/property_feature?post=40726"},{"taxonomy":"property_label","embeddable":true,"href":"https:\/\/montenegro-real-estate.com\/tr\/wp-json\/wp\/v2\/property_label?post=40726"},{"taxonomy":"property_country","embeddable":true,"href":"https:\/\/montenegro-real-estate.com\/tr\/wp-json\/wp\/v2\/property_country?post=40726"},{"taxonomy":"property_state","embeddable":true,"href":"https:\/\/montenegro-real-estate.com\/tr\/wp-json\/wp\/v2\/property_state?post=40726"},{"taxonomy":"property_city","embeddable":true,"href":"https:\/\/montenegro-real-estate.com\/tr\/wp-json\/wp\/v2\/property_city?post=40726"}],"curies":[{"name":"wp","href":"https:\/\/api.w.org\/{rel}","templated":true}]}}

Bar'ın Kalbinde Modern Şehir Yaşamı

<p>Karadağ'ın Bar Şehrinin Kalbinde Modern Şehir Yaşamı!</p>



<p>Karadağ'ın büyüleyici sahil kasabası Bar'da yaşam tarzınızı yükseltmeye hazır mısınız? Rahatlık, konfor ve çağdaş stili mükemmel şekilde harmanlayan bu davetkar 2 yatak odalı daire tam size göre. Hareketli şehir merkezinde, bakımlı 7 katlı bir binanın üçüncü katında yer alan bu 54 m²'lik mücevheri keşfedin.</p>



<p><strong>Temel Özellikler:</strong></p>



<ol class="wp-block-list">
<li><strong>Prime Konum:</strong> Bar'ın şehir merkezinin canlı enerjisine kapılın. Dükkanlar, restoranlar ve kültürel mekanlar sadece birkaç adım ötenizdeyken, Karadağ'ın kalp atışlarını kendi kapınızda hissedin.</li>



<li><strong>Şık İç Mekanlar:</strong> Yakın zamanda yenilenmiş olan dairede modern zarafetin dünyasına adım atın. İşlevselliği estetik çekicilikle birleştiren özenli tasarımın yarattığı taze atmosferin keyfini çıkarın.</li>



<li><strong>Tüm Yıl Boyunca Konfor:</strong> Kurulu klima sistemi sayesinde yazın serin, kışın sıcak kalın. Her mevsimde mükemmel atmosferi yaratma esnekliğinin tadını çıkararak evinizi bir konfor sığınağına dönüştürün.</li>



<li><strong>Asansör Erişimi:</strong> Konfor anahtardır ve bu mülk, asansör avantajıyla bunu sunar. İster gün için dışarı çıkın, ister eve dönün, binayı zahmetsizce kolaylıkla gezin.</li>



<li><strong>Bar'ın Kalbinde Modern Şehir Yaşamı, Özel Otopark:</strong> Otopark arama derdini unutun. Bu mülk, aracınızın güvende ve kolay erişilebilir olduğu konusunda içinizi rahatlatan özel bir park alanı sunar.</li>



<li><strong>Denize Yakınlık:</strong> Parıldayan Adriyatik Denizi'ne sadece 700 metre mesafede olan bu konumla, sahil yaşamının lüksünü yaşayın. İster keyifli bir yürüyüş, ister kısa bir araba yolculuğu olsun, plaj her zaman ulaşılabilir mesafede.</li>
</ol>



<p><strong>Plan:</strong></p>



<ul class="wp-block-list">
<li><em>Geniş Yaşam Alanı:</em> Yaşam alanı mutfakla kusursuz şekilde bütünleşerek, rahatlama ve eğlence için açık ve davetkar bir alan yaratır.</li>



<li><em>İki Rahat Yatak Odası:</em> Dinlenme ve yenilenme için özel bir sığınak sunan, iyi döşenmiş iki yatak odasına çekilin.</li>



<li><em>Modern Banyo:</em> Daire, hem işlevsellik hem de stil sunan çağdaş bir banyoya sahiptir.</li>



<li><em>Sıcak Bir Giriş:</em> Özenle tasarlanmış bir koridor sizi karşılar ve içeride bekleyen konforun habercisi olur.</li>



<li><em>Özel Teras:</em> Yaşam alanınızı, Karadağ'ın güzel havasının keyfini çıkarmak için ideal olan 6 m²'lik şirin bir terasla dışarı taşıyın.</li>
</ul>



<p>Bar'ın canlı şehrini eviniz yapma fırsatını kaçırmayın. <a href="https://en.wikipedia.org/wiki/Bar,_Montenegro" target="_blank" rel="noopener">Bar</a> . <a href="https://montenegro-real-estate.com/tr/iletisim/">Yatırım mülklerimiz ve Karadağ'da bir cennet parçasına nasıl sahip olabileceğiniz hakkında daha fazla bilgi almak için</a> Montenegro'da sofistike bir kent yaşamına doğru yolculuğunuza başlamak için bir görüntüleme planlamak üzere.</p>

Bar, Opština Bar, Crna Gora / Црна Гора
